{"id":1454065,"date":"2023-11-27T14:37:04","date_gmt":"2023-11-27T13:37:04","guid":{"rendered":"https:\/\/laboklin.de\/?page_id=1454065"},"modified":"2025-02-05T11:42:33","modified_gmt":"2025-02-05T10:42:33","slug":"cerebellaere-hypoplasie-ch","status":"publish","type":"page","link":"https:\/\/laboklin.de\/de\/leistungen\/genetik\/erbkrankheiten\/hund\/cerebellaere-hypoplasie-ch\/","title":{"rendered":"Cerebell\u00e4re Hypoplasie (CH)"},"content":{"rendered":"<h3 class=\"csc-firstHeader\">Cerebell\u00e4re Hypoplasie (CH)<\/h3><p><span>LABOKLIN Leistungs-ID: 8868<\/span><\/p><p class=\"bodytext\">Bei der Rasse Wei\u00dfer Schweizer Sch\u00e4ferhund wurde eine Mutation im RELN-Gen gefunden, die eine cerebell\u00e4re Hypoplasie (CH) verursacht, bei der sich das Kleinhirn nicht vollst\u00e4ndig entwickelt. Betroffene Welpen waren bei Geburt klinisch unauff\u00e4llig, nahmen dann aber nicht weiter an Gewicht zu und entwickelten ab einem Alter von etwa 2 Wochen eine fortschreitende Ataxie. Die Welpen hatten Schwierigkeiten beim Stehen, konnten nicht geradlinig laufen oder sich an der Zitze festhalten, obwohl der Saugreflex normal war. Aufgrund der Schwere der Symptome mussten betroffene Hunde im Alter von 4 Wochen eingeschl\u00e4fert werden. Die Autopsie ergab anatomische Anomalien im Gehirn, wobei die Tiere eine schwere cerebell\u00e4re Hypoplasie mit Lissenzephalie (Auff\u00e4lligkeit in der Struktur der Hirnwindungen) und einen moderaten internen Hydrocephalus mit vergr\u00f6\u00dferten seitlichen Ventrikeln und viertem Ventrikel aufwiesen.<\/p><table class=\"tx-laboklinleistung-table contenttable contenttable-2\" style=\"margin-top: 35px;\"><tr><td class=\"td-0\"><strong>Methode<\/strong><\/td><td class=\"td-1\"><p class=\"bodytext\">Sequenzierung<\/p><\/td><\/tr><tr><td class=\"td-0\"><strong>Rasse<\/strong><\/td><td class=\"td-1\"><p class=\"bodytext\">Wei\u00dfer Schweizer Sch\u00e4ferhund<\/p><\/td><\/tr><tr><td class=\"td-0\"><strong>Erbgang<\/strong><\/td><td class=\"td-1\"><p class=\"bodytext\">autosomal-rezessiv<\/p><\/td><\/tr><tr><td class=\"td-0\"><strong>Dauer<\/strong><\/td><td class=\"td-1\"><p class=\"bodytext\">1 - 2 Wochen nach Erhalt der Probe<\/p><\/td><\/tr><\/table>\n","protected":false},"excerpt":{"rendered":"<p>Cerebell\u00e4re Hypoplasie (CH)LABOKLIN Leistungs-ID: 8868Bei der Rasse Wei\u00dfer Schweizer Sch\u00e4ferhund wurde eine Mutation im RELN-Gen gefunden, die eine cerebell\u00e4re Hypoplasie (CH) verursacht, bei der sich das Kleinhirn nicht vollst\u00e4ndig entwickelt. Betroffene Welpen waren bei Geburt klinisch unauff\u00e4llig, nahmen dann aber nicht weiter an Gewicht zu und entwickelten ab einem Alter von etwa 2 Wochen eine&hellip;<\/p>\n","protected":false},"author":10,"featured_media":0,"parent":1211000,"menu_order":133,"comment_status":"closed","ping_status":"closed","template":"","meta":{"_seopress_robots_primary_cat":"","_seopress_titles_title":"","_seopress_titles_desc":"","_seopress_robots_index":"","footnotes":""},"class_list":["post-1454065","page","type-page","status-publish","hentry","description-off"],"_links":{"self":[{"href":"https:\/\/laboklin.de\/de\/wp-json\/wp\/v2\/pages\/1454065","targetHints":{"allow":["GET"]}}],"collection":[{"href":"https:\/\/laboklin.de\/de\/wp-json\/wp\/v2\/pages"}],"about":[{"href":"https:\/\/laboklin.de\/de\/wp-json\/wp\/v2\/types\/page"}],"author":[{"embeddable":true,"href":"https:\/\/laboklin.de\/de\/wp-json\/wp\/v2\/users\/10"}],"replies":[{"embeddable":true,"href":"https:\/\/laboklin.de\/de\/wp-json\/wp\/v2\/comments?post=1454065"}],"version-history":[{"count":1,"href":"https:\/\/laboklin.de\/de\/wp-json\/wp\/v2\/pages\/1454065\/revisions"}],"predecessor-version":[{"id":1454068,"href":"https:\/\/laboklin.de\/de\/wp-json\/wp\/v2\/pages\/1454065\/revisions\/1454068"}],"up":[{"embeddable":true,"href":"https:\/\/laboklin.de\/de\/wp-json\/wp\/v2\/pages\/1211000"}],"wp:attachment":[{"href":"https:\/\/laboklin.de\/de\/wp-json\/wp\/v2\/media?parent=1454065"}],"curies":[{"name":"wp","href":"https:\/\/api.w.org\/{rel}","templated":true}]}}

Cerebelläre Hypoplasie (CH)

<h3 class="csc-firstHeader">Cerebelläre Hypoplasie (CH)</h3><p><span>LABOKLIN Leistungs-ID: 8868</span></p><p class="bodytext">Bei der Rasse Weißer Schweizer Schäferhund wurde eine Mutation im RELN-Gen gefunden, die eine cerebelläre Hypoplasie (CH) verursacht, bei der sich das Kleinhirn nicht vollständig entwickelt. Betroffene Welpen waren bei Geburt klinisch unauffällig, nahmen dann aber nicht weiter an Gewicht zu und entwickelten ab einem Alter von etwa 2 Wochen eine fortschreitende Ataxie. Die Welpen hatten Schwierigkeiten beim Stehen, konnten nicht geradlinig laufen oder sich an der Zitze festhalten, obwohl der Saugreflex normal war. Aufgrund der Schwere der Symptome mussten betroffene Hunde im Alter von 4 Wochen eingeschläfert werden. Die Autopsie ergab anatomische Anomalien im Gehirn, wobei die Tiere eine schwere cerebelläre Hypoplasie mit Lissenzephalie (Auffälligkeit in der Struktur der Hirnwindungen) und einen moderaten internen Hydrocephalus mit vergrößerten seitlichen Ventrikeln und viertem Ventrikel aufwiesen.</p><table class="tx-laboklinleistung-table contenttable contenttable-2" style="margin-top: 35px;"><tr><td class="td-0"><strong>Methode</strong></td><td class="td-1"><p class="bodytext">Sequenzierung</p></td></tr><tr><td class="td-0"><strong>Rasse</strong></td><td class="td-1"><p class="bodytext">Weißer Schweizer Schäferhund</p></td></tr><tr><td class="td-0"><strong>Erbgang</strong></td><td class="td-1"><p class="bodytext">autosomal-rezessiv</p></td></tr><tr><td class="td-0"><strong>Dauer</strong></td><td class="td-1"><p class="bodytext">1 - 2 Wochen nach Erhalt der Probe</p></td></tr></table>

<p>Cerebelläre Hypoplasie (CH)LABOKLIN Leistungs-ID: 8868Bei der Rasse Weißer Schweizer Schäferhund wurde eine Mutation im RELN-Gen gefunden, die eine cerebelläre Hypoplasie (CH) verursacht, bei der sich das Kleinhirn nicht vollständig entwickelt. Betroffene Welpen waren bei Geburt klinisch unauffällig, nahmen dann aber nicht weiter an Gewicht zu und entwickelten ab einem Alter von etwa 2 Wochen eine&hellip;</p>
