{"id":1211005,"date":"2020-10-16T11:36:27","date_gmt":"2020-10-16T09:36:27","guid":{"rendered":"https:\/\/laboklin.de\/de\/larynxparalyse-lp"},"modified":"2025-02-17T09:16:45","modified_gmt":"2025-02-17T08:16:45","slug":"larynxparalyse-lp","status":"publish","type":"page","link":"https:\/\/laboklin.de\/de\/leistungen\/genetik\/erbkrankheiten\/hund\/larynxparalyse-lp\/","title":{"rendered":"Larynxparalyse (LP)"},"content":{"rendered":"<h3 class=\"csc-firstHeader\">Larynxparalyse (LP)<\/h3><p><span>LABOKLIN Leistungs-ID: 8361<\/span><\/p><p class=\"bodytext\">Bei einer Larynxparalyse (auch Kehlkopfl\u00e4hmung genannt) werden die Atemwege durch gel\u00e4hmte Stimmfalten eingeengt, was zu Atemnot f\u00fchren kann. Die Larynxparalyse kann erblich bedingt sein oder im Laufe des Lebens erworben werden, zum Beispiel durch Wunden, Bisse, Tumore, chirurgisches Trauma etc.  Zu den typischen klinischen Symptomen geh\u00f6ren eine eingeschr\u00e4nkte Bewegungstoleranz, progressiver laryngealer Stridor, Beeintr\u00e4chtigungen der Stimme, Atemnot und Kollaps. Bei den Rassen Bull Terrier und Miniature Bull Terrier konnte eine Variante gefunden werden, welche einen genetischen Hochrisikofaktor f\u00fcr eine fr\u00fche Form der Larynxparalyse bei diesen beiden Rassen darstellt. Homozygot betroffene Hunde haben ein siebzehnfach erh\u00f6htes Risiko f\u00fcr Larynxparalyse. Deshalb sollten Verpaarungen so geplant werden, dass mindestens einer der Verpaarungspartner als homozygot frei getestet wurde, um homozygot betroffene Welpen m\u00f6glichst zu vermeiden.  <br \/>\r\n<\/p><table class=\"tx-laboklinleistung-table contenttable contenttable-2\" style=\"margin-top: 35px;\"><tr><td class=\"td-0\"><strong>Methode<\/strong><\/td><td class=\"td-1\"><p class=\"bodytext\">Fragmentl\u00e4ngenanalyse<\/p><\/td><\/tr><tr><td class=\"td-0\"><strong>Rasse<\/strong><\/td><td class=\"td-1\"><p class=\"bodytext\">Bull Terrier, Miniature Bull Terrier<\/p><\/td><\/tr><tr><td class=\"td-0\"><strong>Erbgang<\/strong><\/td><td class=\"td-1\"><p class=\"bodytext\">autosomal-rezessiv mit unvollst\u00e4ndiger Penetranz<\/p><\/td><\/tr><tr><td class=\"td-0\"><strong>Dauer<\/strong><\/td><td class=\"td-1\"><p class=\"bodytext\">1 - 2 Wochen nach Erhalt der Probe<\/p><\/td><\/tr><\/table>\n","protected":false},"excerpt":{"rendered":"<p>Larynxparalyse (LP)LABOKLIN Leistungs-ID: 8361Bei einer Larynxparalyse (auch Kehlkopfl\u00e4hmung genannt) werden die Atemwege durch gel\u00e4hmte Stimmfalten eingeengt, was zu Atemnot f\u00fchren kann. Die Larynxparalyse kann erblich bedingt sein oder im Laufe des Lebens erworben werden, zum Beispiel durch Wunden, Bisse, Tumore, chirurgisches Trauma etc. Zu den typischen klinischen Symptomen geh\u00f6ren eine eingeschr\u00e4nkte Bewegungstoleranz, progressiver laryngealer Stridor,&hellip;<\/p>\n","protected":false},"author":1,"featured_media":0,"parent":1211000,"menu_order":207,"comment_status":"closed","ping_status":"closed","template":"","meta":{"_seopress_robots_primary_cat":"","_seopress_titles_title":"","_seopress_titles_desc":"","_seopress_robots_index":"","footnotes":""},"class_list":["post-1211005","page","type-page","status-publish","hentry","description-off"],"_links":{"self":[{"href":"https:\/\/laboklin.de\/de\/wp-json\/wp\/v2\/pages\/1211005","targetHints":{"allow":["GET"]}}],"collection":[{"href":"https:\/\/laboklin.de\/de\/wp-json\/wp\/v2\/pages"}],"about":[{"href":"https:\/\/laboklin.de\/de\/wp-json\/wp\/v2\/types\/page"}],"author":[{"embeddable":true,"href":"https:\/\/laboklin.de\/de\/wp-json\/wp\/v2\/users\/1"}],"replies":[{"embeddable":true,"href":"https:\/\/laboklin.de\/de\/wp-json\/wp\/v2\/comments?post=1211005"}],"version-history":[{"count":1,"href":"https:\/\/laboklin.de\/de\/wp-json\/wp\/v2\/pages\/1211005\/revisions"}],"predecessor-version":[{"id":1509077,"href":"https:\/\/laboklin.de\/de\/wp-json\/wp\/v2\/pages\/1211005\/revisions\/1509077"}],"up":[{"embeddable":true,"href":"https:\/\/laboklin.de\/de\/wp-json\/wp\/v2\/pages\/1211000"}],"wp:attachment":[{"href":"https:\/\/laboklin.de\/de\/wp-json\/wp\/v2\/media?parent=1211005"}],"curies":[{"name":"wp","href":"https:\/\/api.w.org\/{rel}","templated":true}]}}

<h3 class="csc-firstHeader">Larynxparalyse (LP)</h3><p><span>LABOKLIN Leistungs-ID: 8361</span></p><p class="bodytext">Bei einer Larynxparalyse (auch Kehlkopflähmung genannt) werden die Atemwege durch gelähmte Stimmfalten eingeengt, was zu Atemnot führen kann. Die Larynxparalyse kann erblich bedingt sein oder im Laufe des Lebens erworben werden, zum Beispiel durch Wunden, Bisse, Tumore, chirurgisches Trauma etc.  Zu den typischen klinischen Symptomen gehören eine eingeschränkte Bewegungstoleranz, progressiver laryngealer Stridor, Beeinträchtigungen der Stimme, Atemnot und Kollaps. Bei den Rassen Bull Terrier und Miniature Bull Terrier konnte eine Variante gefunden werden, welche einen genetischen Hochrisikofaktor für eine frühe Form der Larynxparalyse bei diesen beiden Rassen darstellt. Homozygot betroffene Hunde haben ein siebzehnfach erhöhtes Risiko für Larynxparalyse. Deshalb sollten Verpaarungen so geplant werden, dass mindestens einer der Verpaarungspartner als homozygot frei getestet wurde, um homozygot betroffene Welpen möglichst zu vermeiden.  <br />
</p><table class="tx-laboklinleistung-table contenttable contenttable-2" style="margin-top: 35px;"><tr><td class="td-0"><strong>Methode</strong></td><td class="td-1"><p class="bodytext">Fragmentlängenanalyse</p></td></tr><tr><td class="td-0"><strong>Rasse</strong></td><td class="td-1"><p class="bodytext">Bull Terrier, Miniature Bull Terrier</p></td></tr><tr><td class="td-0"><strong>Erbgang</strong></td><td class="td-1"><p class="bodytext">autosomal-rezessiv mit unvollständiger Penetranz</p></td></tr><tr><td class="td-0"><strong>Dauer</strong></td><td class="td-1"><p class="bodytext">1 - 2 Wochen nach Erhalt der Probe</p></td></tr></table>

<p>Larynxparalyse (LP)LABOKLIN Leistungs-ID: 8361Bei einer Larynxparalyse (auch Kehlkopflähmung genannt) werden die Atemwege durch gelähmte Stimmfalten eingeengt, was zu Atemnot führen kann. Die Larynxparalyse kann erblich bedingt sein oder im Laufe des Lebens erworben werden, zum Beispiel durch Wunden, Bisse, Tumore, chirurgisches Trauma etc. Zu den typischen klinischen Symptomen gehören eine eingeschränkte Bewegungstoleranz, progressiver laryngealer Stridor,&hellip;</p>
