{"id":1334909,"date":"2021-11-11T15:12:53","date_gmt":"2021-11-11T14:12:53","guid":{"rendered":"https:\/\/laboklin.de\/leistungen\/genetik\/erbkrankheiten\/hund\/farbverduennung-und-neurologische-defekte-cdn\/"},"modified":"2025-02-05T13:06:48","modified_gmt":"2025-02-05T12:06:48","slug":"farbverduennung-und-neurologische-defekte-cdn","status":"publish","type":"page","link":"https:\/\/laboklin.de\/de-ch\/leistungen\/genetik\/erbkrankheiten\/hund\/farbverduennung-und-neurologische-defekte-cdn\/","title":{"rendered":"Farbverd\u00fcnnung und neurologische Defekte (CDN)"},"content":{"rendered":"<h3 class=\"csc-firstHeader\">Farbverd\u00fcnnung und neurologische Defekte (CDN)<\/h3><p><span>LABOKLIN Leistungs-ID: 8758<\/span><\/p><p class=\"bodytext\">Bei Zwergdackeln konnte eine Variante im Gen MYO5A nachgewiesen werden, die Farbverd\u00fcnnung und neurologische Defekte (CDN) verursacht und dem menschlichen Griscelli-Syndrom Typ I \u00e4hnelt.<br \/>\nEin betroffener, vier Wochen alter Welpe zeigte eine auff\u00e4llig verd\u00fcnnte Fellfarbe. Trotz normal entwickelter \u00e4u\u00dferer Merkmale konnte der Welpe sich nicht in normaler Bauchlage halten, fiel auf die Seite und ruderte mit den Vorderbeinen. Au\u00dferdem konnte er seinen Kopf nicht aufrecht halten oder Kopfbewegungen koordinieren und reagierte kaum auf Umweltreize. Die histopathologische Untersuchung zeigte eine multifokale Akkumulation von Melanin und eine Ablagerung von verklumptem Keratin im Follikelepithel der behaarten Haut. Aufgrund der Schwere der Symptome wurde der Welpe euthanasiert.<br \/>\nEs konnte eine Frameshift-Mutation im Gen MYO5A nachgewiesen werden, der Myosin-VA-vermittelte Transport spielt eine wichtige Rolle in Neuronen und dem Cerebellum und au\u00dferdem im Transport von Melanosomen in wachsende Haarsch\u00e4fte.<br \/>\n<\/p><table class=\"tx-laboklinleistung-table contenttable contenttable-2\" style=\"margin-top: 35px;\"><tr><td class=\"td-0\"><strong>Methode<\/strong><\/td><td class=\"td-1\"><p class=\"bodytext\">Sequenzierung<\/p><\/td><\/tr><tr><td class=\"td-0\"><strong>Rasse<\/strong><\/td><td class=\"td-1\"><p class=\"bodytext\">Dackel (Dachshund)<\/p><\/td><\/tr><tr><td class=\"td-0\"><strong>Erbgang<\/strong><\/td><td class=\"td-1\"><p class=\"bodytext\">autosomal-rezessiv<\/p><\/td><\/tr><tr><td class=\"td-0\"><strong>Dauer<\/strong><\/td><td class=\"td-1\"><p class=\"bodytext\">1 - 2 Wochen nach Erhalt der Probe<\/p><\/td><\/tr><\/table>\n","protected":false},"excerpt":{"rendered":"<p>Farbverd\u00fcnnung und neurologische Defekte (CDN)LABOKLIN Leistungs-ID: 8758Bei Zwergdackeln konnte eine Variante im Gen MYO5A nachgewiesen werden, die Farbverd\u00fcnnung und neurologische Defekte (CDN) verursacht und dem menschlichen Griscelli-Syndrom Typ I \u00e4hnelt. Ein betroffener, vier Wochen alter Welpe zeigte eine auff\u00e4llig verd\u00fcnnte Fellfarbe. Trotz normal entwickelter \u00e4u\u00dferer Merkmale konnte der Welpe sich nicht in normaler Bauchlage halten,&hellip;<\/p>\n","protected":false},"author":1,"featured_media":0,"parent":1332702,"menu_order":6,"comment_status":"closed","ping_status":"closed","template":"","meta":{"_seopress_robots_primary_cat":"","_seopress_titles_title":"","_seopress_titles_desc":"","_seopress_robots_index":"","footnotes":""},"class_list":["post-1334909","page","type-page","status-publish","hentry","description-off"],"_links":{"self":[{"href":"https:\/\/laboklin.de\/de-ch\/wp-json\/wp\/v2\/pages\/1334909","targetHints":{"allow":["GET"]}}],"collection":[{"href":"https:\/\/laboklin.de\/de-ch\/wp-json\/wp\/v2\/pages"}],"about":[{"href":"https:\/\/laboklin.de\/de-ch\/wp-json\/wp\/v2\/types\/page"}],"author":[{"embeddable":true,"href":"https:\/\/laboklin.de\/de-ch\/wp-json\/wp\/v2\/users\/1"}],"replies":[{"embeddable":true,"href":"https:\/\/laboklin.de\/de-ch\/wp-json\/wp\/v2\/comments?post=1334909"}],"version-history":[{"count":1,"href":"https:\/\/laboklin.de\/de-ch\/wp-json\/wp\/v2\/pages\/1334909\/revisions"}],"predecessor-version":[{"id":1334910,"href":"https:\/\/laboklin.de\/de-ch\/wp-json\/wp\/v2\/pages\/1334909\/revisions\/1334910"}],"up":[{"embeddable":true,"href":"https:\/\/laboklin.de\/de-ch\/wp-json\/wp\/v2\/pages\/1332702"}],"wp:attachment":[{"href":"https:\/\/laboklin.de\/de-ch\/wp-json\/wp\/v2\/media?parent=1334909"}],"curies":[{"name":"wp","href":"https:\/\/api.w.org\/{rel}","templated":true}]}}

Farbverdünnung und neurologische Defekte (CDN)

<h3 class="csc-firstHeader">Farbverdünnung und neurologische Defekte (CDN)</h3><p><span>LABOKLIN Leistungs-ID: 8758</span></p><p class="bodytext">Bei Zwergdackeln konnte eine Variante im Gen MYO5A nachgewiesen werden, die Farbverdünnung und neurologische Defekte (CDN) verursacht und dem menschlichen Griscelli-Syndrom Typ I ähnelt.<br />
Ein betroffener, vier Wochen alter Welpe zeigte eine auffällig verdünnte Fellfarbe. Trotz normal entwickelter äußerer Merkmale konnte der Welpe sich nicht in normaler Bauchlage halten, fiel auf die Seite und ruderte mit den Vorderbeinen. Außerdem konnte er seinen Kopf nicht aufrecht halten oder Kopfbewegungen koordinieren und reagierte kaum auf Umweltreize. Die histopathologische Untersuchung zeigte eine multifokale Akkumulation von Melanin und eine Ablagerung von verklumptem Keratin im Follikelepithel der behaarten Haut. Aufgrund der Schwere der Symptome wurde der Welpe euthanasiert.<br />
Es konnte eine Frameshift-Mutation im Gen MYO5A nachgewiesen werden, der Myosin-VA-vermittelte Transport spielt eine wichtige Rolle in Neuronen und dem Cerebellum und außerdem im Transport von Melanosomen in wachsende Haarschäfte.<br />
</p><table class="tx-laboklinleistung-table contenttable contenttable-2" style="margin-top: 35px;"><tr><td class="td-0"><strong>Methode</strong></td><td class="td-1"><p class="bodytext">Sequenzierung</p></td></tr><tr><td class="td-0"><strong>Rasse</strong></td><td class="td-1"><p class="bodytext">Dackel (Dachshund)</p></td></tr><tr><td class="td-0"><strong>Erbgang</strong></td><td class="td-1"><p class="bodytext">autosomal-rezessiv</p></td></tr><tr><td class="td-0"><strong>Dauer</strong></td><td class="td-1"><p class="bodytext">1 - 2 Wochen nach Erhalt der Probe</p></td></tr></table>

<p>Farbverdünnung und neurologische Defekte (CDN)LABOKLIN Leistungs-ID: 8758Bei Zwergdackeln konnte eine Variante im Gen MYO5A nachgewiesen werden, die Farbverdünnung und neurologische Defekte (CDN) verursacht und dem menschlichen Griscelli-Syndrom Typ I ähnelt. Ein betroffener, vier Wochen alter Welpe zeigte eine auffällig verdünnte Fellfarbe. Trotz normal entwickelter äußerer Merkmale konnte der Welpe sich nicht in normaler Bauchlage halten,&hellip;</p>
