{"id":1334053,"date":"2020-10-16T11:36:27","date_gmt":"2020-10-16T09:36:27","guid":{"rendered":"https:\/\/laboklin.de\/leistungen\/genetik\/erbkrankheiten\/pferd\/hereditary-equine-regionale-dermale-asthenia-herda\/"},"modified":"2025-02-25T12:33:44","modified_gmt":"2025-02-25T11:33:44","slug":"hereditary-equine-regionale-dermale-asthenia-herda","status":"publish","type":"page","link":"https:\/\/laboklin.de\/de-ch\/leistungen\/genetik\/erbkrankheiten\/pferd\/hereditary-equine-regionale-dermale-asthenia-herda\/","title":{"rendered":"Hereditary equine regionale dermale asthenia (HERDA)"},"content":{"rendered":"<h3 class=\"csc-firstHeader\">Hereditary equine regionale dermale asthenia (HERDA)<\/h3><p><span>LABOKLIN Leistungs-ID: 8139<\/span><\/p><p class=\"bodytext\">Hereditary equine regional dermal asthenia (HERDA) ist eine degenerative Hauterkrankung, die QH-Zuchten betrifft. Innerhalb der Population liegt die Tr\u00e4ger-Frequenz der autosomal-rezessiv vererbten Erkrankung bei ca. 1,8 - 6,5 %. Fohlen werden normalerweise symptomfrei geboren; Hautareale, die sp\u00e4ter L\u00e4sionen entwickeln, sind fokal und uneinheitlich \u00fcber den K\u00f6rper verteilt. Haupts\u00e4chlich betroffen ist allerdings die R\u00fcckenpartie und folgerichtig wird die Erkrankung oft erst entdeckt, wenn die Pferde \u201eunter den Sattel\u201c kommen \u2013 mit ca. 2 Jahren. Die Haut der betroffenen Pferde ist extrem \u00fcberdehnbar, narbig und weist oft schwere L\u00e4sionen auf. Histologische Untersuchungen k\u00f6nnen vereinzelt nur Hinweise auf die Erkrankung geben, diese aber nicht diagnostizieren.<\/p><table class=\"tx-laboklinleistung-table contenttable contenttable-2\" style=\"margin-top: 35px;\"><tr><td class=\"td-0\"><strong>Methode<\/strong><\/td><td class=\"td-1\"><p class=\"bodytext\">TaqMan SNP Assay<\/p><\/td><\/tr><tr><td class=\"td-0\"><strong>Rasse<\/strong><\/td><td class=\"td-1\"><p class=\"bodytext\">Appaloosa, Paint Horse, Quarab, Quarter Horse, Quarter Pony<\/p><\/td><\/tr><tr><td class=\"td-0\"><strong>Erbgang<\/strong><\/td><td class=\"td-1\"><p class=\"bodytext\">autosomal-rezessiv<\/p><\/td><\/tr><tr><td class=\"td-0\"><strong>Dauer<\/strong><\/td><td class=\"td-1\"><p class=\"bodytext\">3 - 5 Werktage nach Erhalt der Probe<\/p><\/td><\/tr><\/table>\n","protected":false},"excerpt":{"rendered":"<p>Hereditary equine regionale dermale asthenia (HERDA)LABOKLIN Leistungs-ID: 8139Hereditary equine regional dermal asthenia (HERDA) ist eine degenerative Hauterkrankung, die QH-Zuchten betrifft. Innerhalb der Population liegt die Tr\u00e4ger-Frequenz der autosomal-rezessiv vererbten Erkrankung bei ca. 1,8 &#8211; 6,5 %. Fohlen werden normalerweise symptomfrei geboren; Hautareale, die sp\u00e4ter L\u00e4sionen entwickeln, sind fokal und uneinheitlich \u00fcber den K\u00f6rper verteilt. Haupts\u00e4chlich&hellip;<\/p>\n","protected":false},"author":1,"featured_media":0,"parent":1332709,"menu_order":1,"comment_status":"closed","ping_status":"closed","template":"","meta":{"_seopress_robots_primary_cat":"","_seopress_titles_title":"","_seopress_titles_desc":"","_seopress_robots_index":"","footnotes":""},"class_list":["post-1334053","page","type-page","status-publish","hentry","description-off"],"_links":{"self":[{"href":"https:\/\/laboklin.de\/de-ch\/wp-json\/wp\/v2\/pages\/1334053","targetHints":{"allow":["GET"]}}],"collection":[{"href":"https:\/\/laboklin.de\/de-ch\/wp-json\/wp\/v2\/pages"}],"about":[{"href":"https:\/\/laboklin.de\/de-ch\/wp-json\/wp\/v2\/types\/page"}],"author":[{"embeddable":true,"href":"https:\/\/laboklin.de\/de-ch\/wp-json\/wp\/v2\/users\/1"}],"replies":[{"embeddable":true,"href":"https:\/\/laboklin.de\/de-ch\/wp-json\/wp\/v2\/comments?post=1334053"}],"version-history":[{"count":1,"href":"https:\/\/laboklin.de\/de-ch\/wp-json\/wp\/v2\/pages\/1334053\/revisions"}],"predecessor-version":[{"id":1510730,"href":"https:\/\/laboklin.de\/de-ch\/wp-json\/wp\/v2\/pages\/1334053\/revisions\/1510730"}],"up":[{"embeddable":true,"href":"https:\/\/laboklin.de\/de-ch\/wp-json\/wp\/v2\/pages\/1332709"}],"wp:attachment":[{"href":"https:\/\/laboklin.de\/de-ch\/wp-json\/wp\/v2\/media?parent=1334053"}],"curies":[{"name":"wp","href":"https:\/\/api.w.org\/{rel}","templated":true}]}}

<h3 class="csc-firstHeader">Hereditary equine regionale dermale asthenia (HERDA)</h3><p><span>LABOKLIN Leistungs-ID: 8139</span></p><p class="bodytext">Hereditary equine regional dermal asthenia (HERDA) ist eine degenerative Hauterkrankung, die QH-Zuchten betrifft. Innerhalb der Population liegt die Träger-Frequenz der autosomal-rezessiv vererbten Erkrankung bei ca. 1,8 - 6,5 %. Fohlen werden normalerweise symptomfrei geboren; Hautareale, die später Läsionen entwickeln, sind fokal und uneinheitlich über den Körper verteilt. Hauptsächlich betroffen ist allerdings die Rückenpartie und folgerichtig wird die Erkrankung oft erst entdeckt, wenn die Pferde „unter den Sattel“ kommen – mit ca. 2 Jahren. Die Haut der betroffenen Pferde ist extrem überdehnbar, narbig und weist oft schwere Läsionen auf. Histologische Untersuchungen können vereinzelt nur Hinweise auf die Erkrankung geben, diese aber nicht diagnostizieren.</p><table class="tx-laboklinleistung-table contenttable contenttable-2" style="margin-top: 35px;"><tr><td class="td-0"><strong>Methode</strong></td><td class="td-1"><p class="bodytext">TaqMan SNP Assay</p></td></tr><tr><td class="td-0"><strong>Rasse</strong></td><td class="td-1"><p class="bodytext">Appaloosa, Paint Horse, Quarab, Quarter Horse, Quarter Pony</p></td></tr><tr><td class="td-0"><strong>Erbgang</strong></td><td class="td-1"><p class="bodytext">autosomal-rezessiv</p></td></tr><tr><td class="td-0"><strong>Dauer</strong></td><td class="td-1"><p class="bodytext">3 - 5 Werktage nach Erhalt der Probe</p></td></tr></table>

<p>Hereditary equine regionale dermale asthenia (HERDA)LABOKLIN Leistungs-ID: 8139Hereditary equine regional dermal asthenia (HERDA) ist eine degenerative Hauterkrankung, die QH-Zuchten betrifft. Innerhalb der Population liegt die Träger-Frequenz der autosomal-rezessiv vererbten Erkrankung bei ca. 1,8 &#8211; 6,5 %. Fohlen werden normalerweise symptomfrei geboren; Hautareale, die später Läsionen entwickeln, sind fokal und uneinheitlich über den Körper verteilt. Hauptsächlich&hellip;</p>
