{"id":1332919,"date":"2020-10-16T11:36:27","date_gmt":"2020-10-16T09:36:27","guid":{"rendered":"https:\/\/laboklin.de\/leistungen\/infektionskrankheiten-erreger-und-antikoerpernachweise\/viren\/caliciviren\/"},"modified":"2023-03-27T08:42:44","modified_gmt":"2023-03-27T06:42:44","slug":"caliciviren","status":"publish","type":"page","link":"https:\/\/laboklin.de\/de-ch\/leistungen\/infektionskrankheiten-erreger-und-antikoerpernachweise\/viren\/caliciviren\/","title":{"rendered":"Caliciviren"},"content":{"rendered":"<div class=\"wpb-content-wrapper\"><p>[vc_row][vc_column][vc_column_text]<h3>Leistungsspektrum<\/h3><div class=\"vc_tta-panels-container\"><div class=\"vc_tta-panels\"><li class=\"menu-item sub-page\"><a href=\"https:\/\/laboklin.de\/de-ch\/leistungen\/infektionskrankheiten-erreger-und-antikoerpernachweise\/viren\/caliciviren\/calicivirus-katze-antikoerper\/\">Calicivirus (Katze) (FCV) - Antik\u00f6rper<\/a><\/li><li class=\"menu-item sub-page\"><a href=\"https:\/\/laboklin.de\/de-ch\/leistungen\/infektionskrankheiten-erreger-und-antikoerpernachweise\/viren\/caliciviren\/calicivirus-katze-pcr\/\">Calicivirus (Katze) (FCV) - PCR<\/a><\/li><\/div><\/div>[\/vc_column_text][\/vc_column][\/vc_row][vc_row type=&#187;vc_default&#187; css=&#187;.vc_custom_1612015304231{margin-top: 30px !important;}&#187;][vc_column][vc_column_text]<\/p>\n<h3><div class=\"gap\" style=\"line-height: 20px; height: 20px;\"><\/div>Allgemeine Informationen<\/h3>\n<p style=\"font-weight: 300;\">Bei den\u00a0<b><strong>felinen Caliciviren<\/strong><\/b>\u00a0<b><strong>(<\/strong><\/b><b><strong>FCV)<\/strong><\/b>\u00a0gibt es zahlreiche St\u00e4mme mit geringen serologischen Unterschieden, aber gro\u00dfer genetischer Divergenz, die sich in stark voneinander abweichenden Virulenzen \u00e4u\u00dfert. Daher reichen die Symptome bei FCV von Inappetenz und Fieber bis zu Gelenk- und Muskelschmerzen. Seltener treten interstitielle Pneumonien auf. Die typischen proliferativen und exsudativen Ulzera in der Maulh\u00f6hle werden h\u00e4ufig durch bakterielle Sekund\u00e4rinfektionen, unter anderem mit Pasteurellen, verschlimmert.<\/p>\n<p>[\/vc_column_text][\/vc_column][\/vc_row]<\/p>\n<\/div>","protected":false},"excerpt":{"rendered":"<p>[vc_row][vc_column][vc_column_text][\/vc_column_text][\/vc_column][\/vc_row][vc_row type=&#187;vc_default&#187; css=&#187;.vc_custom_1612015304231{margin-top: 30px !important;}&#187;][vc_column][vc_column_text] Allgemeine Informationen Bei den\u00a0felinen Caliciviren\u00a0(FCV)\u00a0gibt es zahlreiche St\u00e4mme mit geringen serologischen Unterschieden, aber gro\u00dfer genetischer Divergenz, die sich in stark voneinander abweichenden Virulenzen \u00e4u\u00dfert. Daher reichen die Symptome bei FCV von Inappetenz und Fieber bis zu Gelenk- und Muskelschmerzen. Seltener treten interstitielle Pneumonien auf. Die typischen proliferativen und exsudativen Ulzera&hellip;<\/p>\n","protected":false},"author":1,"featured_media":0,"parent":1332774,"menu_order":90,"comment_status":"closed","ping_status":"closed","template":"","meta":{"_seopress_robots_primary_cat":"","_seopress_titles_title":"","_seopress_titles_desc":"","_seopress_robots_index":"","footnotes":""},"class_list":["post-1332919","page","type-page","status-publish","hentry","description-off"],"_links":{"self":[{"href":"https:\/\/laboklin.de\/de-ch\/wp-json\/wp\/v2\/pages\/1332919","targetHints":{"allow":["GET"]}}],"collection":[{"href":"https:\/\/laboklin.de\/de-ch\/wp-json\/wp\/v2\/pages"}],"about":[{"href":"https:\/\/laboklin.de\/de-ch\/wp-json\/wp\/v2\/types\/page"}],"author":[{"embeddable":true,"href":"https:\/\/laboklin.de\/de-ch\/wp-json\/wp\/v2\/users\/1"}],"replies":[{"embeddable":true,"href":"https:\/\/laboklin.de\/de-ch\/wp-json\/wp\/v2\/comments?post=1332919"}],"version-history":[{"count":3,"href":"https:\/\/laboklin.de\/de-ch\/wp-json\/wp\/v2\/pages\/1332919\/revisions"}],"predecessor-version":[{"id":1430418,"href":"https:\/\/laboklin.de\/de-ch\/wp-json\/wp\/v2\/pages\/1332919\/revisions\/1430418"}],"up":[{"embeddable":true,"href":"https:\/\/laboklin.de\/de-ch\/wp-json\/wp\/v2\/pages\/1332774"}],"wp:attachment":[{"href":"https:\/\/laboklin.de\/de-ch\/wp-json\/wp\/v2\/media?parent=1332919"}],"curies":[{"name":"wp","href":"https:\/\/api.w.org\/{rel}","templated":true}]}}

<div class="wpb-content-wrapper"><p>[vc_row][vc_column][vc_column_text]<h3>Leistungsspektrum</h3><div class="vc_tta-panels-container"><div class="vc_tta-panels"><li class="menu-item sub-page"><a href="https://laboklin.de/de-ch/leistungen/infektionskrankheiten-erreger-und-antikoerpernachweise/viren/caliciviren/calicivirus-katze-antikoerper/">Calicivirus (Katze) (FCV) - Antikörper</a></li><li class="menu-item sub-page"><a href="https://laboklin.de/de-ch/leistungen/infektionskrankheiten-erreger-und-antikoerpernachweise/viren/caliciviren/calicivirus-katze-pcr/">Calicivirus (Katze) (FCV) - PCR</a></li></div></div>[/vc_column_text][/vc_column][/vc_row][vc_row type=&#187;vc_default&#187; css=&#187;.vc_custom_1612015304231{margin-top: 30px !important;}&#187;][vc_column][vc_column_text]</p>
<h3><div class="gap" style="line-height: 20px; height: 20px;"></div>Allgemeine Informationen</h3>
<p style="font-weight: 300;">Bei den <b><strong>felinen Caliciviren</strong></b> <b><strong>(</strong></b><b><strong>FCV)</strong></b> gibt es zahlreiche Stämme mit geringen serologischen Unterschieden, aber großer genetischer Divergenz, die sich in stark voneinander abweichenden Virulenzen äußert. Daher reichen die Symptome bei FCV von Inappetenz und Fieber bis zu Gelenk- und Muskelschmerzen. Seltener treten interstitielle Pneumonien auf. Die typischen proliferativen und exsudativen Ulzera in der Maulhöhle werden häufig durch bakterielle Sekundärinfektionen, unter anderem mit Pasteurellen, verschlimmert.</p>
<p>[/vc_column_text][/vc_column][/vc_row]</p>
</div>

<p>[vc_row][vc_column][vc_column_text][/vc_column_text][/vc_column][/vc_row][vc_row type=&#187;vc_default&#187; css=&#187;.vc_custom_1612015304231{margin-top: 30px !important;}&#187;][vc_column][vc_column_text] Allgemeine Informationen Bei den felinen Caliciviren (FCV) gibt es zahlreiche Stämme mit geringen serologischen Unterschieden, aber großer genetischer Divergenz, die sich in stark voneinander abweichenden Virulenzen äußert. Daher reichen die Symptome bei FCV von Inappetenz und Fieber bis zu Gelenk- und Muskelschmerzen. Seltener treten interstitielle Pneumonien auf. Die typischen proliferativen und exsudativen Ulzera&hellip;</p>
