{"id":1336511,"date":"2022-05-20T11:32:37","date_gmt":"2022-05-20T09:32:37","guid":{"rendered":"https:\/\/laboklin.de\/leistungen\/genetik\/erbkrankheiten\/hund\/cerebellaere-degeneration-mit-myositis-cdmc\/"},"modified":"2025-02-05T11:41:46","modified_gmt":"2025-02-05T10:41:46","slug":"cerebellaere-degeneration-mit-myositis-cdmc","status":"publish","type":"page","link":"https:\/\/laboklin.de\/de-at\/leistungen\/genetik\/erbkrankheiten\/hund\/cerebellaere-degeneration-mit-myositis-cdmc\/","title":{"rendered":"Cerebell\u00e4re Degeneration mit Myositis (CDMC)"},"content":{"rendered":"<h3 class=\"csc-firstHeader\">Cerebell\u00e4re Degeneration mit Myositis (CDMC)<\/h3><p><span>LABOKLIN Leistungs-ID: 8788<\/span><\/p><p class=\"bodytext\">Bei der Rasse Nova Scotia Duck Tolling Retriever wurde eine Mutation im Gen SLC25A12 identifiziert, die die genetische Erkrankung cerebell\u00e4re Degeneration mit Myositis (CDMC) verursacht. Bei betroffenen Hunden treten erste Symptome im Alter zwischen 10 Wochen und 6 Monaten auf. Zu den klinischen Anzeichen dieser Erkrankung geh\u00f6ren generalisierte Ataxie, Hypermetrie, verz\u00f6gerte Bewegungen und Abnahme der R\u00fcckziehreflexe in allen vier Gliedma\u00dfen. Einer der untersuchten betroffenen Hunde zeigte auch Kopftremor, andere wiesen generalisierter Muskelschw\u00e4che mit episodischem Kollaps, steifem Gang und \"Kaninchenhoppeln\" auf. Die MRT-Untersuchung zeigte bilaterale symmetrische L\u00e4sionen im Kleinhirn und multifokale L\u00e4sionen in den Kaumuskeln. Biopsien ergaben eine lymphohistiozyt\u00e4re Myositis und im Serum wurden erh\u00f6hte Kreatinkinase-Konzentrationen gemessen. <\/p><table class=\"tx-laboklinleistung-table contenttable contenttable-2\" style=\"margin-top: 35px;\"><tr><td class=\"td-0\"><strong>Methode<\/strong><\/td><td class=\"td-1\"><p class=\"bodytext\">Sequenzierung<\/p><\/td><\/tr><tr><td class=\"td-0\"><strong>Rasse<\/strong><\/td><td class=\"td-1\"><p class=\"bodytext\">Nova Scotia Duck Tolling Retriever<\/p><\/td><\/tr><tr><td class=\"td-0\"><strong>Erbgang<\/strong><\/td><td class=\"td-1\"><p class=\"bodytext\">autosomal-rezessiv<\/p><\/td><\/tr><tr><td class=\"td-0\"><strong>Dauer<\/strong><\/td><td class=\"td-1\"><p class=\"bodytext\">1 - 2 Wochen nach Erhalt der Probe<\/p><\/td><\/tr><\/table>\n","protected":false},"excerpt":{"rendered":"<p>Cerebell\u00e4re Degeneration mit Myositis (CDMC)LABOKLIN Leistungs-ID: 8788Bei der Rasse Nova Scotia Duck Tolling Retriever wurde eine Mutation im Gen SLC25A12 identifiziert, die die genetische Erkrankung cerebell\u00e4re Degeneration mit Myositis (CDMC) verursacht. Bei betroffenen Hunden treten erste Symptome im Alter zwischen 10 Wochen und 6 Monaten auf. Zu den klinischen Anzeichen dieser Erkrankung geh\u00f6ren generalisierte Ataxie,&hellip;<\/p>\n","protected":false},"author":10,"featured_media":0,"parent":1332701,"menu_order":95,"comment_status":"closed","ping_status":"closed","template":"","meta":{"_seopress_robots_primary_cat":"","_seopress_titles_title":"","_seopress_titles_desc":"","_seopress_robots_index":"","footnotes":""},"class_list":["post-1336511","page","type-page","status-publish","hentry","description-off"],"_links":{"self":[{"href":"https:\/\/laboklin.de\/de-at\/wp-json\/wp\/v2\/pages\/1336511","targetHints":{"allow":["GET"]}}],"collection":[{"href":"https:\/\/laboklin.de\/de-at\/wp-json\/wp\/v2\/pages"}],"about":[{"href":"https:\/\/laboklin.de\/de-at\/wp-json\/wp\/v2\/types\/page"}],"author":[{"embeddable":true,"href":"https:\/\/laboklin.de\/de-at\/wp-json\/wp\/v2\/users\/10"}],"replies":[{"embeddable":true,"href":"https:\/\/laboklin.de\/de-at\/wp-json\/wp\/v2\/comments?post=1336511"}],"version-history":[{"count":1,"href":"https:\/\/laboklin.de\/de-at\/wp-json\/wp\/v2\/pages\/1336511\/revisions"}],"predecessor-version":[{"id":1506927,"href":"https:\/\/laboklin.de\/de-at\/wp-json\/wp\/v2\/pages\/1336511\/revisions\/1506927"}],"up":[{"embeddable":true,"href":"https:\/\/laboklin.de\/de-at\/wp-json\/wp\/v2\/pages\/1332701"}],"wp:attachment":[{"href":"https:\/\/laboklin.de\/de-at\/wp-json\/wp\/v2\/media?parent=1336511"}],"curies":[{"name":"wp","href":"https:\/\/api.w.org\/{rel}","templated":true}]}}

Cerebelläre Degeneration mit Myositis (CDMC)

<h3 class="csc-firstHeader">Cerebelläre Degeneration mit Myositis (CDMC)</h3><p><span>LABOKLIN Leistungs-ID: 8788</span></p><p class="bodytext">Bei der Rasse Nova Scotia Duck Tolling Retriever wurde eine Mutation im Gen SLC25A12 identifiziert, die die genetische Erkrankung cerebelläre Degeneration mit Myositis (CDMC) verursacht. Bei betroffenen Hunden treten erste Symptome im Alter zwischen 10 Wochen und 6 Monaten auf. Zu den klinischen Anzeichen dieser Erkrankung gehören generalisierte Ataxie, Hypermetrie, verzögerte Bewegungen und Abnahme der Rückziehreflexe in allen vier Gliedmaßen. Einer der untersuchten betroffenen Hunde zeigte auch Kopftremor, andere wiesen generalisierter Muskelschwäche mit episodischem Kollaps, steifem Gang und "Kaninchenhoppeln" auf. Die MRT-Untersuchung zeigte bilaterale symmetrische Läsionen im Kleinhirn und multifokale Läsionen in den Kaumuskeln. Biopsien ergaben eine lymphohistiozytäre Myositis und im Serum wurden erhöhte Kreatinkinase-Konzentrationen gemessen. </p><table class="tx-laboklinleistung-table contenttable contenttable-2" style="margin-top: 35px;"><tr><td class="td-0"><strong>Methode</strong></td><td class="td-1"><p class="bodytext">Sequenzierung</p></td></tr><tr><td class="td-0"><strong>Rasse</strong></td><td class="td-1"><p class="bodytext">Nova Scotia Duck Tolling Retriever</p></td></tr><tr><td class="td-0"><strong>Erbgang</strong></td><td class="td-1"><p class="bodytext">autosomal-rezessiv</p></td></tr><tr><td class="td-0"><strong>Dauer</strong></td><td class="td-1"><p class="bodytext">1 - 2 Wochen nach Erhalt der Probe</p></td></tr></table>

<p>Cerebelläre Degeneration mit Myositis (CDMC)LABOKLIN Leistungs-ID: 8788Bei der Rasse Nova Scotia Duck Tolling Retriever wurde eine Mutation im Gen SLC25A12 identifiziert, die die genetische Erkrankung cerebelläre Degeneration mit Myositis (CDMC) verursacht. Bei betroffenen Hunden treten erste Symptome im Alter zwischen 10 Wochen und 6 Monaten auf. Zu den klinischen Anzeichen dieser Erkrankung gehören generalisierte Ataxie,&hellip;</p>
