{"id":1335885,"date":"2021-08-10T14:42:50","date_gmt":"2021-08-10T12:42:50","guid":{"rendered":"https:\/\/laboklin.de\/leistungen\/genetik\/erbkrankheiten\/hund\/exfoliativer-kutaner-lupus-erythematodes-ecle\/"},"modified":"2025-02-05T12:59:56","modified_gmt":"2025-02-05T11:59:56","slug":"exfoliativer-kutaner-lupus-erythematodes-ecle","status":"publish","type":"page","link":"https:\/\/laboklin.de\/de-at\/leistungen\/genetik\/erbkrankheiten\/hund\/exfoliativer-kutaner-lupus-erythematodes-ecle\/","title":{"rendered":"Exfoliativer kutaner Lupus erythematodes (ECLE)"},"content":{"rendered":"<h3 class=\"csc-firstHeader\">Exfoliativer kutaner Lupus erythematodes (ECLE)<\/h3><p><span>LABOKLIN Leistungs-ID: 8688<\/span><\/p><p class=\"bodytext\">Beim exfoliativen kutanen Lupus erythematodes (ECLE), auch bekannt als Schmetterlingsflechte, handelt es sich um eine autoimmune Hauterkrankung. Ursache f\u00fcr die Erkrankung beim Deutsch Kurzhaar und beim Magyar Vizsla ist eine Variante im UNC93B1-Gen, das eine wichtige Rolle f\u00fcr das angeborene Immunsystem und damit f\u00fcr die Immunantwort gegen Krankheitserreger spielt. Die Erkrankung \u00e4u\u00dfert sich durch das Auftreten \u00fcberm\u00e4\u00dfig vieler Schuppen, zuerst im Gesicht und sp\u00e4ter auch in den Ohren, auf dem R\u00fccken oder am ganzen K\u00f6rper. Weitere Anzeichen k\u00f6nnen Pigmentverlust der Haut (Hypopigmentierung) sowie Hautr\u00f6tungen sein. Im Verlauf der Erkrankung kommen auch Haarausfall, Krusten, Geschw\u00fcre und zum Teil auch kurzzeitige Lahmheit hinzu. Durch das geschw\u00e4chte Immunsystem und die Hautver\u00e4nderungen kommt es h\u00e4ufig zu bakteriellen Infektionen der Haut. Die ersten Symptome treten \u00fcblicherweisein der Jugend bzw. im fr\u00fchen Erwachsenenalter auf. Aufgrund der schwerwiegenden Symptome und der fehlenden Behandlungsm\u00f6glichkeiten m\u00fcssen die betroffenen Hunde meist eingeschl\u00e4fert werden. <br \/>\r\n<\/p><table class=\"tx-laboklinleistung-table contenttable contenttable-2\" style=\"margin-top: 35px;\"><tr><td class=\"td-0\"><strong>Methode<\/strong><\/td><td class=\"td-1\"><p class=\"bodytext\">Sequenzierung<\/p><\/td><\/tr><tr><td class=\"td-0\"><strong>Rasse<\/strong><\/td><td class=\"td-1\"><p class=\"bodytext\">Deutsch Kurzhaar, Magyar Vizsla<\/p><\/td><\/tr><tr><td class=\"td-0\"><strong>Erbgang<\/strong><\/td><td class=\"td-1\"><p class=\"bodytext\">autosomal-rezessiv<\/p><\/td><\/tr><tr><td class=\"td-0\"><strong>Dauer<\/strong><\/td><td class=\"td-1\"><p class=\"bodytext\">1 - 2 Wochen nach Erhalt der Probe<\/p><\/td><\/tr><\/table>\n","protected":false},"excerpt":{"rendered":"<p>Exfoliativer kutaner Lupus erythematodes (ECLE)LABOKLIN Leistungs-ID: 8688Beim exfoliativen kutanen Lupus erythematodes (ECLE), auch bekannt als Schmetterlingsflechte, handelt es sich um eine autoimmune Hauterkrankung. Ursache f\u00fcr die Erkrankung beim Deutsch Kurzhaar und beim Magyar Vizsla ist eine Variante im UNC93B1-Gen, das eine wichtige Rolle f\u00fcr das angeborene Immunsystem und damit f\u00fcr die Immunantwort gegen Krankheitserreger spielt.&hellip;<\/p>\n","protected":false},"author":1,"featured_media":0,"parent":1332701,"menu_order":18,"comment_status":"closed","ping_status":"closed","template":"","meta":{"_seopress_robots_primary_cat":"","_seopress_titles_title":"","_seopress_titles_desc":"","_seopress_robots_index":"","footnotes":""},"class_list":["post-1335885","page","type-page","status-publish","hentry","description-off"],"_links":{"self":[{"href":"https:\/\/laboklin.de\/de-at\/wp-json\/wp\/v2\/pages\/1335885","targetHints":{"allow":["GET"]}}],"collection":[{"href":"https:\/\/laboklin.de\/de-at\/wp-json\/wp\/v2\/pages"}],"about":[{"href":"https:\/\/laboklin.de\/de-at\/wp-json\/wp\/v2\/types\/page"}],"author":[{"embeddable":true,"href":"https:\/\/laboklin.de\/de-at\/wp-json\/wp\/v2\/users\/1"}],"replies":[{"embeddable":true,"href":"https:\/\/laboklin.de\/de-at\/wp-json\/wp\/v2\/comments?post=1335885"}],"version-history":[{"count":1,"href":"https:\/\/laboklin.de\/de-at\/wp-json\/wp\/v2\/pages\/1335885\/revisions"}],"predecessor-version":[{"id":1506997,"href":"https:\/\/laboklin.de\/de-at\/wp-json\/wp\/v2\/pages\/1335885\/revisions\/1506997"}],"up":[{"embeddable":true,"href":"https:\/\/laboklin.de\/de-at\/wp-json\/wp\/v2\/pages\/1332701"}],"wp:attachment":[{"href":"https:\/\/laboklin.de\/de-at\/wp-json\/wp\/v2\/media?parent=1335885"}],"curies":[{"name":"wp","href":"https:\/\/api.w.org\/{rel}","templated":true}]}}

<h3 class="csc-firstHeader">Exfoliativer kutaner Lupus erythematodes (ECLE)</h3><p><span>LABOKLIN Leistungs-ID: 8688</span></p><p class="bodytext">Beim exfoliativen kutanen Lupus erythematodes (ECLE), auch bekannt als Schmetterlingsflechte, handelt es sich um eine autoimmune Hauterkrankung. Ursache für die Erkrankung beim Deutsch Kurzhaar und beim Magyar Vizsla ist eine Variante im UNC93B1-Gen, das eine wichtige Rolle für das angeborene Immunsystem und damit für die Immunantwort gegen Krankheitserreger spielt. Die Erkrankung äußert sich durch das Auftreten übermäßig vieler Schuppen, zuerst im Gesicht und später auch in den Ohren, auf dem Rücken oder am ganzen Körper. Weitere Anzeichen können Pigmentverlust der Haut (Hypopigmentierung) sowie Hautrötungen sein. Im Verlauf der Erkrankung kommen auch Haarausfall, Krusten, Geschwüre und zum Teil auch kurzzeitige Lahmheit hinzu. Durch das geschwächte Immunsystem und die Hautveränderungen kommt es häufig zu bakteriellen Infektionen der Haut. Die ersten Symptome treten üblicherweisein der Jugend bzw. im frühen Erwachsenenalter auf. Aufgrund der schwerwiegenden Symptome und der fehlenden Behandlungsmöglichkeiten müssen die betroffenen Hunde meist eingeschläfert werden. <br />
</p><table class="tx-laboklinleistung-table contenttable contenttable-2" style="margin-top: 35px;"><tr><td class="td-0"><strong>Methode</strong></td><td class="td-1"><p class="bodytext">Sequenzierung</p></td></tr><tr><td class="td-0"><strong>Rasse</strong></td><td class="td-1"><p class="bodytext">Deutsch Kurzhaar, Magyar Vizsla</p></td></tr><tr><td class="td-0"><strong>Erbgang</strong></td><td class="td-1"><p class="bodytext">autosomal-rezessiv</p></td></tr><tr><td class="td-0"><strong>Dauer</strong></td><td class="td-1"><p class="bodytext">1 - 2 Wochen nach Erhalt der Probe</p></td></tr></table>

<p>Exfoliativer kutaner Lupus erythematodes (ECLE)LABOKLIN Leistungs-ID: 8688Beim exfoliativen kutanen Lupus erythematodes (ECLE), auch bekannt als Schmetterlingsflechte, handelt es sich um eine autoimmune Hauterkrankung. Ursache für die Erkrankung beim Deutsch Kurzhaar und beim Magyar Vizsla ist eine Variante im UNC93B1-Gen, das eine wichtige Rolle für das angeborene Immunsystem und damit für die Immunantwort gegen Krankheitserreger spielt.&hellip;</p>
